.
1
Let z = -6 + 9. Let g(f) = 2*f + 3*f - z*f + 5 + 0. Give g(-5).
-5
Let w = 21 + -15. Let h(r) = -r**3 - r**2 + 2*r - 3. Let d be h(-3). Let j(o) = o - 3*o - o**3 - d + 6*o**2 + 4 + 3*o. What is j(w)?
1
Let j(p) be the second derivative of p**4/12 - p**3 + 7*p**2/2 - 2*p - 13. Determine j(6).
7
Let j(r) = 12*r**3 + 4*r**2 - 8*r**3 + 2*r - 2 - 3*r**3. Suppose -4*c = 3*g - 14, -18*g + 2*c = -23*g. Determine j(g).
2
Let b(o) be the third derivative of o**6/60 + 23*o**5/60 - o**4/2 - 3*o**3/2 + 34*o**2. Let u be b(-12). Let d(x) = x + 7. Give d(u).
-2
Let m(s) = 3*s - 3*s**2 + 6 - 4*s**2 + 19*s**3 + 4 - 13*s - 18*s**3. What is m(8)?
-6
Let i(g) = -g**2 - 5*g + 2. Let h(l) = -3*l**2 - 14*l + 6. Let p(q) = -6*h(q) + 17*i(q). Suppose -5*u - 5*w + 5 = 0, -3 = -0*w - 3*w. Calculate p(u).
-2
Let c(h) be the third derivative of -7*h**4/24 + h**3/3 + 6*h**2 + h. What is c(1)?
-5
Let n be 1 + 0 - (4 - (-7 + -3)). Let k(x) = -x**3 - 12*x**2 + 14*x + 11. What is k(n)?
-2
Let y(s) be the third derivative of 7*s**4/8 - 265*s**2. What is y(-1)?
-21
Let z(s) = -s**3 - 14*s**2 - 15*s - 18. Let m be -26*6/(-4)*(-36)/108. Determine z(m).
8
Let a = 58 + -50. Let c be ((-66)/(-8) - a) + 49/(-4). Let b(t) = -t - 17. What is b(c)?
-5
Let l(i) = i**3 - 13*i**2 - 15*i + 9. Let u(b) = 3*b**2 + 13*b + 18. Let x be u(-4). Give l(x).
-5
Let z(h) be the second derivative of -h**3/2 + 3*h**2/2 - 84*h + 1. Give z(-2).
9
Suppose -3 = -0*w + 3*w. Let h(s) = -46*s - 1 + 89*s - s**2 + 13*s**3 - 44*s. Give h(w).
-14
Let z = 102 + -108. Let c(l) = 9*l**2 + 10*l - 1. Let u(r) = -26*r**2 - 28*r + 3. Let s(a) = z*u(a) - 17*c(a). Calculate s(-1).
4
Let w = -22 - -26. Suppose w*c - 36 = -4*z, 2*z - 4*c + 3 = c. Let y(m) = 2*m - 8. Determine y(z).
4
Let l(b) = -3*b**2 + 6*b. Suppose -2 = o + r, 2*o + 6*r - 9*r - 21 = 0. What is l(o)?
-9
Let p(b) be the first derivative of -1/4*b**4 - 3/2*b**2 - 3*b + 26 - 1/3*b**3. Let x = -1 + -1. Determine p(x).
7
Let g(f) = f + 8. Let j = -408 - -394. Calculate g(j).
-6
Let n(b) be the third derivative of -b**6/120 + 2*b**5/15 + b**4/3 + 13*b**3/6 - 4*b**2 + 2. Give n(9).
4
Suppose 3*l = -0*l - 3. Let y(z) be the third derivative of 0*z**3 - 1/8*z**4 + 0 + 5*z**2 + 0*z. Give y(l).
3
Suppose 0 = -4*k + 114 - 106. Let t(l) = -5*l**3 + 2*l**2 - l. Determine t(k).
-34
Let a(n) = -204*n - 1038. Let f be a(-5). Let c(h) = h**3 + 17*h**2 - 16*h + 33. Calculate c(f).
-3
Let l(z) be the third derivative of -z**6/60 - z**3 + 14*z**2. Let m(w) be the first derivative of l(w). Calculate m(1).
-6
Let g(d) = 23*d + 384. Let q be g(-17). Let m(b) = 5*b. Give m(q).
-35
Let z(f) = 3*f**3 - 3*f**2 + 5*f + 3. Let n(s) = 14*s**3 - 12*s**2 + 20*s + 11. Let y(p) = 2*n(p) - 9*z(p). What is y(-4)?
-1
Suppose -3 = 57*x - 58*x. Let w(l) = -l**3 + 4*l**2 - 4*l. What is w(x)?
-3
Let u be -2 - (-1 - -2*1). Let x(q) = 2*q**2 + 4*q - 1. Let o(y) = -2*y**2 - 4*y. Let l = 33 - 30. Let m(r) = l*o(r) + 2*x(r). Give m(u).
-8
Let m be -2 + (-20)/(25/(-5)). Suppose -3*r - m*t = -8, 5*r - 5*t + 0*t = 30. Let d(w) = 0 - 3*w + 0 - r + 2 + w**2. What is d(4)?
2
Suppose 2*t = -0*t + 2. Let a(x) be the third derivative of -x**5/60 + x**3/6 - 4*x**2. Let k(o) = 4*o**2 + 3. Let z(q) = 3*a(q) - k(q). Calculate z(t).
-7
Let u(b) be the first derivative of -b**4/4 + 8*b**3/3 - 5*b**2 + 2*b - 21. Give u(7).
-19
Let b(w) be the third derivative of w**4/24 + 2*w**3/3 - 174*w**2. Calculate b(2).
6
Suppose -6*s + s = -10. Suppose s*m + m = 12. Let c(o) be the first derivative of -o**3/3 + 3*o**2/2 - 24. What is c(m)?
-4
Suppose p + 6 = 3*s - p, -4*s - 5*p = -31. Suppose -8*j = -s + 52. Let o(l) = 4*l + 8. Calculate o(j).
-16
Let k(b) = b**3 - 2*b**2 + 13*b**2 + 0*b**3. Let t(u) = -3*u**3 - 32*u**2 + u - 1. Let h(j) = -17*k(j) - 6*t(j). Let d be -13 - -2 - (-40 + 35). What is h(d)?
6
Let f(j) = -j**2 + j + 30. Let h = 83 + -83. Calculate f(h).
30
Let y(p) be the first derivative of p**4/4 + 17*p**3/3 + 7*p**2 - 7*p - 86. Calculate y(-16).
25
Let f = -26 + 27. Let k(o) = 5*o**3 + 2*o**2 - o. Let h be k(f). Let a(b) be the first derivative of b**4/4 - 5*b**3/3 - 3*b**2 + b - 1. Calculate a(h).
1
Let v(g) be the first derivative of 16*g**3/3 + g**2 + 2*g + 950. Give v(-1).
16
Let w(k) = 2 - 16 - k + 13. Let o(i) = -i - 1. Let a(y) = 4*o(y) - 5*w(y). What is a(-9)?
-8
Suppose -2*u - q - 10 = 2*q, -8 = u + 3*q. Let i(c) = 4*c**2 + 2*c - 2. What is i(u)?
10
Let i be 21/(-14)*(-5 - 85/(-15)). Let z(q) = -39*q**2 - 1. Calculate z(i).
-40
Let o be (-12)/2 - 3/15*5. Let b(s) be the third derivative of s**5/60 + 3*s**4/8 + 7*s**3/6 + s**2. What is b(o)?
-7
Let w be (-70)/(-8) - 1/(-4). Let z(o) = -111*o**3 - 2*o + 112*o**3 + 3*o - 10 - w*o**2. Give z(9).
-1
Let t(c) = -c**2 + 3*c - 5. Let d be 94/18 - 2/9. Suppose d*g + 24 = -6. Let b be g*((-8)/12 + 0). Calculate t(b).
-9
Let k(w) = w - 3*w - 1 - 7*w**2 + 7*w**2 - 2*w**2. Determine k(0).
-1
Let k(r) = r**2 + 3*r - 8. Let b be (19*-1)/((-1)/(-2)). Let o = -44 - b. Determine k(o).
10
Let t(g) = -4*g**2 - 3 + 5*g**2 + 5 - 3*g. Let w(r) = 2*r**2 + 3*r - 2. Let f be w(2). Suppose -4*a + 2*v + v + 1 = 0, -4*v = -2*a - f. Give t(a).
6
Let u(l) = l**3 - 2*l**2 + l + 1. Let p(k) = -k**3 + 7*k**2 - 4*k + 3. Let h(t) = p(t) + 2*u(t). Let d be (-2 + 5)*(-8)/6. Calculate h(d).
-3
Let p = 9 - 4. Let c(f) = -7*f**2 - p*f**2 - 3*f + f**3 + 17*f**2 - f + 2. Determine c(-6).
-10
Let c(y) = 10*y - 6. Let b(k) = 9*k - 4. Let g(z) = -3*b(z) + 2*c(z). Give g(-6).
42
Let f(c) be the first derivative of -17*c**3/3 + c**2 - 2*c - 196. Give f(1).
-17
Suppose -4*p + 5*t + 22 = 0, -2*t = -5*p - 5*t + 9. Let l(u) = -p*u**2 + 0*u - 7 - 2*u**2 - u**3 + 0*u. Calculate l(-5).
-7
Let f(x) = -x**3 + x**2 + 9*x + 3. Let d be f(-3). Let t(k) = k**3 - 12*k**2 + 2. What is t(d)?
2
Let r(g) = g**3 + 5*g**2 + g - 5. Suppose v + 4*f = -12, -5*v - 12 = -5*f - 2. Determine r(v).
7
Let z(n) be the first derivative of 3*n**2 - 10 - 1/4*n**4 - 5/3*n**3 + n. Give z(-6).
1
Let g(w) = w + 2204*w**2 - 26*w**3 + 2197*w**2 - 1 - 4401*w**2. Calculate g(1).
-26
Let n(j) = j**2 - 2*j - 1. Suppose -2*c + 5*c - 12 = 0. Calculate n(c).
7
Let j(c) = c**2 + 12*c + 9. Let n(x) = -x**2 - 12*x - 10. Let d(i) = 2*j(i) + 3*n(i). Give d(-10).
8
Let a = -294 - -284. Let m(p) = -p**2 - 10*p - 10. Give m(a).
-10
Suppose -3*m + 1 - 4 = 0. Let n(r) be the second derivative of 1/12*r**4 + 0 + 1/6*r**3 + 1/2*r**2 - 1/4*r**5 - 7*r. Determine n(m).
6
Suppose -x + 18 = -v - 5*x, 2*x = -8. Let j(c) be the third derivative of c**4/6 + c**3/2 - 700*c**2. Give j(v).
-5
Let o(m) = -m + 2. Let q(c) = c**2 + 8*c + 1. Let y(h) = 3*o(h) - q(h). Give y(-11).
5
Let l(h) = -59*h + 19. Let j(q) = -15*q + 1. Let r(c) = 4*j(c) - l(c). What is r(-13)?
-2
Let v(h) = -6*h - 5. Suppose -11*y + 8*y - 3*c - 18 = 0, -5*c = 0. Calculate v(y).
31
Let i(s) = -s**2 - s + 2. Let o = 23 - 18. Suppose -5*l - 5*w = -9 - 1, -o*l - w = 10. Calculate i(l).
-4
Let b be (-16)/(384/(-108))*8/9. Let k(m) = m**2 - 5*m - 1. Determine k(b).
-5
Let r(t) = -t**2 + 5*t + 4. Suppose -20 = 4*l - 4. Let i be 22 - 1*(l - -2). Suppose 2*h + i = 4*b, 4*b - 2*h - 24 = 3*h. Determine r(b).
-2
Let y = 116 + -116. Let c(r) be the third derivative of 0*r + 1/24*r**4 - 8*r**2 + y - 1/3*r**3. Give c(-4).
-6
Suppose 3*m + 12 - 3 = 0. Let y = 3 - m. Suppose 2*u - 2*s = 23 - 5, 2*u + y = -4*s. Let r(t) = -t - 4. Determine r(u).
-9
Let k(r) be the first derivative of 4*r**2 + 5*r + 199. What is k(4)?
37
Suppose -3*r + 9 + 3 = 0. Suppose -3*z = -w + 1 - 17, z - 24 = 5*w. Let j(o) = r - 8*o - z - 1. Calculate j(-1).
7
Let z(b) = b - 3. Let k be z(5). Let t(x) = -7*x + 2*x + x**k + 3 - 10. Suppose 131*o - 20 = 127*o. What is t(o)?
-7
Let n(m) be the second derivative of m**5/20 + m**4/4 - 7*m**3/6 + 7*m**2 - 264*m + 2. Determine n(-5).
-1
Let a(j) = 2*j**3 - j**2 + j + 2. Let n be (-7 + (-66)/(-9))*-3. Give a(n).
-2
Let v(y) = -y**2 - 5*y + 4. Suppose -2 = -3*s + 7. Suppose -147 = -s*t - 51. Let i be t/(-5) - 2/(-5). What is v(i)?
-2
Let t(n) be the second derivative of -11*n**3/6 - 3*n**2/2 - 163*n - 1. Give t(-2).
19
Let f(q) be the third derivative of -q**6/120 - q**5/15 - q**4/4 - q**3 + 15*q**2. Determine f(-4).
18
Let j(w) = w**2 - 4*w + 2. Let s(c) = c**2 - 15*c + 18. Let l(g) = -2*j(g) + 